{"id":1102,"date":"2014-01-18T21:28:02","date_gmt":"2014-01-18T20:28:02","guid":{"rendered":"http:\/\/userweb.pedf.cuni.cz\/krl\/?page_id=1102"},"modified":"2025-09-01T23:11:22","modified_gmt":"2025-09-01T21:11:22","slug":"czv-rusky-jazyk","status":"publish","type":"page","link":"https:\/\/krl.pedf.cuni.cz\/index.php\/czv\/czv-rusky-jazyk\/","title":{"rendered":"C\u017dV &#8211; Rusk\u00fd jazyk"},"content":{"rendered":"\n<p>Nab\u00eddka dlouhodov\u00fdch vzd\u011bl\u00e1vac\u00edch program\u016f celo\u017eivotn\u00edho vzd\u011bl\u00e1v\u00e1n\u00ed (C\u017dV &#8211; na v\u00fdkon povol\u00e1n\u00ed) Katedry rusistiky a lingvodidaktiky Pedagogick\u00e9 fakulty Univerzity Karlovy.<\/p>\n\n\n\n<p>V\u0161echny nab\u00edzen\u00e9 akce jsou akreditov\u00e1ny M\u0160MT v r\u00e1mci programu dal\u0161\u00edho vzd\u011bl\u00e1v\u00e1n\u00ed pedagogick\u00fdch pracovn\u00edk\u016f.<\/p>\n\n\n\n<p><\/p>\n","protected":false},"excerpt":{"rendered":"<p>Nab\u00eddka dlouhodov\u00fdch vzd\u011bl\u00e1vac\u00edch program\u016f celo\u017eivotn\u00edho vzd\u011bl\u00e1v\u00e1n\u00ed (C\u017dV &#8211; na v\u00fdkon povol\u00e1n\u00ed) Katedry rusistiky a lingvodidaktiky Pedagogick\u00e9 fakulty Univerzity Karlovy. V\u0161echny nab\u00edzen\u00e9 akce jsou akreditov\u00e1ny M\u0160MT v r\u00e1mci programu dal\u0161\u00edho vzd\u011bl\u00e1v\u00e1n\u00ed pedagogick\u00fdch pracovn\u00edk\u016f.<\/p>\n","protected":false},"author":1,"featured_media":0,"parent":2574,"menu_order":6,"comment_status":"closed","ping_status":"closed","template":"","meta":{"ngg_post_thumbnail":0,"footnotes":""},"class_list":["post-1102","page","type-page","status-publish","hentry"],"_links":{"self":[{"href":"https:\/\/krl.pedf.cuni.cz\/index.php\/wp-json\/wp\/v2\/pages\/1102"}],"collection":[{"href":"https:\/\/krl.pedf.cuni.cz\/index.php\/wp-json\/wp\/v2\/pages"}],"about":[{"href":"https:\/\/krl.pedf.cuni.cz\/index.php\/wp-json\/wp\/v2\/types\/page"}],"author":[{"embeddable":true,"href":"https:\/\/krl.pedf.cuni.cz\/index.php\/wp-json\/wp\/v2\/users\/1"}],"replies":[{"embeddable":true,"href":"https:\/\/krl.pedf.cuni.cz\/index.php\/wp-json\/wp\/v2\/comments?post=1102"}],"version-history":[{"count":3,"href":"https:\/\/krl.pedf.cuni.cz\/index.php\/wp-json\/wp\/v2\/pages\/1102\/revisions"}],"predecessor-version":[{"id":4416,"href":"https:\/\/krl.pedf.cuni.cz\/index.php\/wp-json\/wp\/v2\/pages\/1102\/revisions\/4416"}],"up":[{"embeddable":true,"href":"https:\/\/krl.pedf.cuni.cz\/index.php\/wp-json\/wp\/v2\/pages\/2574"}],"wp:attachment":[{"href":"https:\/\/krl.pedf.cuni.cz\/index.php\/wp-json\/wp\/v2\/media?parent=1102"}],"curies":[{"name":"wp","href":"https:\/\/api.w.org\/{rel}","templated":true}]}}

CŽV &#8211; Ruský jazyk

<p>Nabídka dlouhodových vzdělávacích programů celoživotního vzdělávání (CŽV &#8211; na výkon povolání) Katedry rusistiky a lingvodidaktiky Pedagogické fakulty Univerzity Karlovy.</p>



<p>Všechny nabízené akce jsou akreditovány MŠMT v rámci programu dalšího vzdělávání pedagogických pracovníků.</p>



<p></p>

<p>Nabídka dlouhodových vzdělávacích programů celoživotního vzdělávání (CŽV &#8211; na výkon povolání) Katedry rusistiky a lingvodidaktiky Pedagogické fakulty Univerzity Karlovy. Všechny nabízené akce jsou akreditovány MŠMT v rámci programu dalšího vzdělávání pedagogických pracovníků.</p>
