{"id":149,"date":"2012-11-23T15:39:44","date_gmt":"2012-11-23T15:39:44","guid":{"rendered":"http:\/\/www.krl.8u.cz\/?page_id=149"},"modified":"2023-12-03T20:45:09","modified_gmt":"2023-12-03T19:45:09","slug":"pro-uchazece","status":"publish","type":"page","link":"https:\/\/krl.pedf.cuni.cz\/index.php\/pro-uchazece\/","title":{"rendered":"Pro uchaze\u010de"},"content":{"rendered":"\n<h2 class=\"wp-block-heading\">Podm\u00ednky p\u0159ij\u00edmac\u00edho \u0159\u00edzen\u00ed<\/h2>\n\n\n\n<p><a href=\"https:\/\/is.cuni.cz\/studium\/prijimacky\/index.php?do=info_fakulta&amp;fak=11410\">https:\/\/is.cuni.cz\/studium\/prijimacky\/index.php?do=info_fakulta&amp;fak=11410<\/a><\/p>\n\n\n\n<h2 class=\"wp-block-heading\">P\u0159ehled otev\u00edran\u00fdch obor\u016f<\/h2>\n\n\n\n<p><a href=\"https:\/\/is.cuni.cz\/studium\/prijimacky\/index.php?do=obory&amp;submitted=1&amp;fakulta=11410&amp;fst=&amp;druh=&amp;stupr=&amp;obor=&amp;obor2=&amp;jazyk=&amp;nazev=&amp;delka=&amp;zobraz=Hledat\">https:\/\/is.cuni.cz\/studium\/prijimacky\/index.php?do=obory&amp;submitted=1&amp;fakulta=11410&amp;fst=&amp;druh=&amp;stupr=&amp;obor=&amp;obor2=&amp;jazyk=&amp;nazev=&amp;delka=&amp;zobraz=Hledat<\/a><\/p>\n\n\n\n<p><a href=\"https:\/\/pedf.cuni.cz\/PEDF-2168.html\">https:\/\/pedf.cuni.cz\/PEDF-2168.html<\/a><\/p>\n\n\n\n<h2 class=\"wp-block-heading\">P\u0159ij\u00edmac\u00ed zkou\u0161ky<\/h2>\n\n\n\n<h4 class=\"wp-block-heading\"><strong>Rusk\u00fd jazyk se zam\u011b\u0159en\u00edm na vzd\u011bl\u00e1v\u00e1n\u00ed&nbsp;<\/strong><\/h4>\n\n\n\n<p>P\u0159ij\u00edmac\u00ed zkou\u0161ka m\u00e1 p\u00edsemnou formu. Uchaze\u010d prokazuje znalosti a dovednosti na \u00farovni A2 podle Spole\u010dn\u00e9ho evropsk\u00e9ho referen\u010dn\u00edho r\u00e1mce Rady Evropy, tj. cca v rozsahu u\u010debnice Raduga po-novomu 1-3. P\u00edsemn\u00e1 zkou\u0161ka zji\u0161\u0165uje \u00farove\u0148 znalost\u00ed a dovednost\u00ed z rusk\u00e9ho jazyka v porovn\u00e1n\u00ed s \u010desk\u00fdm a ov\u011b\u0159uje dovednost poslechu s porozum\u011bn\u00edm. Skl\u00e1d\u00e1 se ze 3 \u010d\u00e1st\u00ed: a) \u00falohy k poslechov\u00e9mu textu, b) gramatick\u00fd test, c) p\u0159eklad z \u010de\u0161tiny do ru\u0161tiny a z ru\u0161tiny do \u010de\u0161tiny. <\/p>\n\n\n\n<p>D\u00e9lka trv\u00e1n\u00ed testu je 45 min.<\/p>\n\n\n\n<hr class=\"wp-block-separator has-css-opacity\"\/>\n\n\n\n<h4 class=\"wp-block-heading\"><strong>U\u010ditelstv\u00ed pro 2. stupe\u0148 z\u00e1kladn\u00ed \u0161koly a st\u0159edn\u00ed \u0161koly \u2013 rusk\u00fd jazyk<\/strong><\/h4>\n\n\n\n<p>P\u0159ij\u00edmac\u00ed zkou\u0161ka vych\u00e1z\u00ed z tzv. profiluj\u00edc\u00edch (povinn\u00fdch) p\u0159edm\u011bt\u016f bakal\u00e1\u0159sk\u00e9ho studia Rusk\u00fd jazyk se zam\u011b\u0159en\u00edm na vzd\u011bl\u00e1v\u00e1n\u00ed. P\u0159ij\u00edmac\u00ed zkou\u0161ka m\u00e1 p\u00edsemnou formu. Zkou\u0161ka ov\u011b\u0159uje teoretick\u00e9 znalosti a praktick\u00e9 dovednosti z rusk\u00e9 fonetiky, morfologie, syntaxe, lexikologie, geografie, literatury, kultury a re\u00e1li\u00ed v \u010desko-rusk\u00e9m a evropsk\u00e9m kontextu a dovednost \u010dten\u00ed s porozum\u011bn\u00edm na \u00farovni B2 podle Spole\u010dn\u00e9ho evropsk\u00e9ho referen\u010dn\u00edho r\u00e1mce Rady Evropy. Test se skl\u00e1d\u00e1 z t\u011bchto \u010d\u00e1st\u00ed: a) anal\u00fdzy textu z hlediska liter\u00e1rn\u00edho, kulturologick\u00e9ho a jazykov\u00e9ho, b) testu z gramatiky, lexikologie a fonetiky rusk\u00e9ho jazyka, jeho\u017e sou\u010d\u00e1st\u00ed je i p\u0159eklad z ru\u0161tiny do \u010de\u0161tiny a z \u010de\u0161tiny do ru\u0161tiny. <\/p>\n\n\n\n<p>D\u00e9lka testu je 60 min.<\/p>\n\n\n\n<p>S ve\u0161ker\u00fdmi dotazy se obracejte na Mgr. Liudmilu Hu\u0161kovou, CSc (liudmila.huskova(at)pedf.cuni.cz)<\/p>\n\n\n\n<hr class=\"wp-block-separator has-css-opacity\"\/>\n\n\n\n<p>U uchaze\u010d\u016f o studium v r\u00e1mci <strong>C\u017dV (roz\u0161i\u0159uj\u00edc\u00ed studium)<\/strong> se p\u0159edpokl\u00e1daj\u00ed&nbsp; vstupn\u00ed jazykov\u00e9 znalosti a dovednosti na \u00farovni minim\u00e1ln\u011b B1 podle Spole\u010dn\u00e9ho evropsk\u00e9ho referen\u010dn\u00edho r\u00e1mce Rady Evropy.<\/p>\n\n\n\n<p>Dotazy t\u00fdkaj\u00edc\u00ed se studia v r\u00e1mci programu C\u017dV se obracejte na PhDr. Jakuba Kone\u010dn\u00e9ho, Ph.D. (jakub.konecny(at)pedf.cuni.cz)<\/p>\n\n\n\n<h3 class=\"wp-block-heading\">Co V\u00e1m na\u0161e katedra nab\u00edz\u00ed?<\/h3>\n\n\n\n<ol class=\"wp-block-list\">\n<li>Systematick\u00e9 studium rusk\u00e9ho jazyka, literatury, historie a sou\u010dasnosti, re\u00e1li\u00ed a lingvore\u00e1li\u00ed.<\/li>\n\n\n\n<li>Prohlouben\u00e9 teoretick\u00e9 i praktick\u00e9 studium didaktiky vyu\u010dov\u00e1n\u00ed ciz\u00edm jazyk\u016fm. <\/li>\n\n\n\n<li>Zahrani\u010dn\u00ed st\u00e1\u017ee b\u011bhem cel\u00e9ho studia. <\/li>\n\n\n\n<li>Mo\u017enost vykonat po ukon\u010den\u00ed magistersk\u00e9ho studia rigor\u00f3zn\u00ed zkou\u0161ku (PhDr.).<\/li>\n\n\n\n<li>Mo\u017enost pod\u00edlet se na vytv\u00e1\u0159en\u00ed nov\u00fdch u\u010debn\u00edch pom\u016fcek pro v\u00fduku rusk\u00e9ho jazyka. <\/li>\n\n\n\n<li>Mo\u017enost \u00fa\u010dastnit se teoretick\u00fdch i praktick\u00fdch semin\u00e1\u0159\u016f z oblasti teorie vyu\u010dov\u00e1n\u00ed. <\/li>\n\n\n\n<li>Mo\u017enost \u00fa\u010dastnit se semin\u00e1\u0159\u016f a vzd\u011bl\u00e1vac\u00edch aktivit, na jejich\u017e organizaci se pod\u00edl\u00edme. <\/li>\n\n\n\n<li>P\u0159\u00e1telsk\u00e9 a \u010dinorod\u00e9 studijn\u00ed prost\u0159ed\u00ed.<\/li>\n<\/ol>\n","protected":false},"excerpt":{"rendered":"<p>Podm\u00ednky p\u0159ij\u00edmac\u00edho \u0159\u00edzen\u00ed https:\/\/is.cuni.cz\/studium\/prijimacky\/index.php?do=info_fakulta&amp;fak=11410 P\u0159ehled otev\u00edran\u00fdch obor\u016f https:\/\/is.cuni.cz\/studium\/prijimacky\/index.php?do=obory&amp;submitted=1&amp;fakulta=11410&amp;fst=&amp;druh=&amp;stupr=&amp;obor=&amp;obor2=&amp;jazyk=&amp;nazev=&amp;delka=&amp;zobraz=Hledat https:\/\/pedf.cuni.cz\/PEDF-2168.html P\u0159ij\u00edmac\u00ed zkou\u0161ky Rusk\u00fd jazyk se zam\u011b\u0159en\u00edm na vzd\u011bl\u00e1v\u00e1n\u00ed&nbsp; P\u0159ij\u00edmac\u00ed zkou\u0161ka m\u00e1 p\u00edsemnou formu. Uchaze\u010d prokazuje znalosti a dovednosti na \u00farovni A2 podle Spole\u010dn\u00e9ho evropsk\u00e9ho referen\u010dn\u00edho r\u00e1mce Rady Evropy, tj. cca v rozsahu u\u010debnice Raduga po-novomu 1-3. P\u00edsemn\u00e1 zkou\u0161ka zji\u0161\u0165uje \u00farove\u0148 znalost\u00ed a dovednost\u00ed z rusk\u00e9ho jazyka [&hellip;]<\/p>\n","protected":false},"author":1,"featured_media":0,"parent":0,"menu_order":4,"comment_status":"closed","ping_status":"closed","template":"","meta":{"ngg_post_thumbnail":0,"footnotes":""},"class_list":["post-149","page","type-page","status-publish","hentry"],"_links":{"self":[{"href":"https:\/\/krl.pedf.cuni.cz\/index.php\/wp-json\/wp\/v2\/pages\/149"}],"collection":[{"href":"https:\/\/krl.pedf.cuni.cz\/index.php\/wp-json\/wp\/v2\/pages"}],"about":[{"href":"https:\/\/krl.pedf.cuni.cz\/index.php\/wp-json\/wp\/v2\/types\/page"}],"author":[{"embeddable":true,"href":"https:\/\/krl.pedf.cuni.cz\/index.php\/wp-json\/wp\/v2\/users\/1"}],"replies":[{"embeddable":true,"href":"https:\/\/krl.pedf.cuni.cz\/index.php\/wp-json\/wp\/v2\/comments?post=149"}],"version-history":[{"count":13,"href":"https:\/\/krl.pedf.cuni.cz\/index.php\/wp-json\/wp\/v2\/pages\/149\/revisions"}],"predecessor-version":[{"id":4322,"href":"https:\/\/krl.pedf.cuni.cz\/index.php\/wp-json\/wp\/v2\/pages\/149\/revisions\/4322"}],"wp:attachment":[{"href":"https:\/\/krl.pedf.cuni.cz\/index.php\/wp-json\/wp\/v2\/media?parent=149"}],"curies":[{"name":"wp","href":"https:\/\/api.w.org\/{rel}","templated":true}]}}

Pro uchazeče

<h2 class="wp-block-heading">Podmínky přijímacího řízení</h2>



<p><a href="https://is.cuni.cz/studium/prijimacky/index.php?do=info_fakulta&amp;fak=11410">https://is.cuni.cz/studium/prijimacky/index.php?do=info_fakulta&amp;fak=11410</a></p>



<h2 class="wp-block-heading">Přehled otevíraných oborů</h2>



<p><a href="https://is.cuni.cz/studium/prijimacky/index.php?do=obory&amp;submitted=1&amp;fakulta=11410&amp;fst=&amp;druh=&amp;stupr=&amp;obor=&amp;obor2=&amp;jazyk=&amp;nazev=&amp;delka=&amp;zobraz=Hledat">https://is.cuni.cz/studium/prijimacky/index.php?do=obory&amp;submitted=1&amp;fakulta=11410&amp;fst=&amp;druh=&amp;stupr=&amp;obor=&amp;obor2=&amp;jazyk=&amp;nazev=&amp;delka=&amp;zobraz=Hledat</a></p>



<p><a href="https://pedf.cuni.cz/PEDF-2168.html">https://pedf.cuni.cz/PEDF-2168.html</a></p>



<h2 class="wp-block-heading">Přijímací zkoušky</h2>



<h4 class="wp-block-heading"><strong>Ruský jazyk se zaměřením na vzdělávání&nbsp;</strong></h4>



<p>Přijímací zkouška má písemnou formu. Uchazeč prokazuje znalosti a dovednosti na úrovni A2 podle Společného evropského referenčního rámce Rady Evropy, tj. cca v rozsahu učebnice Raduga po-novomu 1-3. Písemná zkouška zjišťuje úroveň znalostí a dovedností z ruského jazyka v porovnání s českým a ověřuje dovednost poslechu s porozuměním. Skládá se ze 3 částí: a) úlohy k poslechovému textu, b) gramatický test, c) překlad z češtiny do ruštiny a z ruštiny do češtiny. </p>



<p>Délka trvání testu je 45 min.</p>



<hr class="wp-block-separator has-css-opacity"/>



<h4 class="wp-block-heading"><strong>Učitelství pro 2. stupeň základní školy a střední školy – ruský jazyk</strong></h4>



<p>Přijímací zkouška vychází z tzv. profilujících (povinných) předmětů bakalářského studia Ruský jazyk se zaměřením na vzdělávání. Přijímací zkouška má písemnou formu. Zkouška ověřuje teoretické znalosti a praktické dovednosti z ruské fonetiky, morfologie, syntaxe, lexikologie, geografie, literatury, kultury a reálií v česko-ruském a evropském kontextu a dovednost čtení s porozuměním na úrovni B2 podle Společného evropského referenčního rámce Rady Evropy. Test se skládá z těchto částí: a) analýzy textu z hlediska literárního, kulturologického a jazykového, b) testu z gramatiky, lexikologie a fonetiky ruského jazyka, jehož součástí je i překlad z ruštiny do češtiny a z češtiny do ruštiny. </p>



<p>Délka testu je 60 min.</p>



<p>S veškerými dotazy se obracejte na Mgr. Liudmilu Huškovou, CSc (liudmila.huskova(at)pedf.cuni.cz)</p>



<hr class="wp-block-separator has-css-opacity"/>



<p>U uchazečů o studium v rámci <strong>CŽV (rozšiřující studium)</strong> se předpokládají&nbsp; vstupní jazykové znalosti a dovednosti na úrovni minimálně B1 podle Společného evropského referenčního rámce Rady Evropy.</p>



<p>Dotazy týkající se studia v rámci programu CŽV se obracejte na PhDr. Jakuba Konečného, Ph.D. (jakub.konecny(at)pedf.cuni.cz)</p>



<h3 class="wp-block-heading">Co Vám naše katedra nabízí?</h3>



<ol class="wp-block-list">
<li>Systematické studium ruského jazyka, literatury, historie a současnosti, reálií a lingvoreálií.</li>



<li>Prohloubené teoretické i praktické studium didaktiky vyučování cizím jazykům. </li>



<li>Zahraniční stáže během celého studia. </li>



<li>Možnost vykonat po ukončení magisterského studia rigorózní zkoušku (PhDr.).</li>



<li>Možnost podílet se na vytváření nových učebních pomůcek pro výuku ruského jazyka. </li>



<li>Možnost účastnit se teoretických i praktických seminářů z oblasti teorie vyučování. </li>



<li>Možnost účastnit se seminářů a vzdělávacích aktivit, na jejichž organizaci se podílíme. </li>



<li>Přátelské a činorodé studijní prostředí.</li>
</ol>

<p>Podmínky přijímacího řízení https://is.cuni.cz/studium/prijimacky/index.php?do=info_fakulta&amp;fak=11410 Přehled otevíraných oborů https://is.cuni.cz/studium/prijimacky/index.php?do=obory&amp;submitted=1&amp;fakulta=11410&amp;fst=&amp;druh=&amp;stupr=&amp;obor=&amp;obor2=&amp;jazyk=&amp;nazev=&amp;delka=&amp;zobraz=Hledat https://pedf.cuni.cz/PEDF-2168.html Přijímací zkoušky Ruský jazyk se zaměřením na vzdělávání&nbsp; Přijímací zkouška má písemnou formu. Uchazeč prokazuje znalosti a dovednosti na úrovni A2 podle Společného evropského referenčního rámce Rady Evropy, tj. cca v rozsahu učebnice Raduga po-novomu 1-3. Písemná zkouška zjišťuje úroveň znalostí a dovedností z ruského jazyka [&hellip;]</p>
