{"id":161,"date":"2012-11-23T15:49:50","date_gmt":"2012-11-23T15:49:50","guid":{"rendered":"http:\/\/www.krl.8u.cz\/?page_id=161"},"modified":"2024-10-08T14:02:55","modified_gmt":"2024-10-08T12:02:55","slug":"o-studiu-2","status":"publish","type":"page","link":"https:\/\/krl.pedf.cuni.cz\/index.php\/o-studiu-2\/","title":{"rendered":"O studiu"},"content":{"rendered":"<h2 style=\"text-align: justify;\">Prezen\u010dn\u00ed studium<\/h2>\n<p style=\"text-align: justify;\">P\u0159ev\u00e1\u017en\u00e1 \u010d\u00e1st v\u00fduky je organizov\u00e1na formou p\u0159edn\u00e1\u0161ek a semin\u00e1\u0159\u016f, kter\u00e9 se konaj\u00ed podle pravideln\u00e9ho rozvrhu a b\u011bhem nich\u017e m\u00e1 student mo\u017enost z\u00edskat poznatky p\u0159\u00edmo. Studium jenotliv\u00fdch p\u0159edm\u011bt\u016f m\u016f\u017ee b\u00fdt zakon\u010deno z\u00e1po\u010dtem nebo zkou\u0161kou.<\/p>\n<h2 style=\"text-align: justify;\">Roz\u0161i\u0159uj\u00edc\u00ed studium<\/h2>\n<p><a href=\"http:\/\/krl.pedf.cuni.cz\/?page_id=2618\">P\u0159ej\u00edt na str\u00e1nku s informacemi<\/a><\/p>\n<h2 style=\"text-align: justify;\">Celo\u017eivotn\u00ed vzd\u011bl\u00e1v\u00e1n\u00ed<\/h2>\n<p><a href=\"http:\/\/krl.pedf.cuni.cz\/index.php\/czv\/\">Otev\u0159\u00edt nab\u00eddku semin\u00e1\u0159\u016f<\/a> akreditovan\u00fdch v programu DVPP<\/p>\n<h2 style=\"text-align: justify;\">Studium zahrani\u010dn\u00edch student\u016f<\/h2>\n<p style=\"text-align: justify;\">Podm\u00ednky studia cizinc\u016f upravuje \u010dl\u00e1nek 26 statutu univerzity a pravidla pro studium cizinc\u016f mimo studijn\u00ed studijn\u00ed programy univerzity a v mez\u00edch t\u011bchto p\u0159edpis\u016f studijn\u00ed a zku\u0161ebn\u00ed \u0159\u00e1d fakulty, kter\u00fd je vnit\u0159n\u00edm p\u0159edpisem fakulty.<\/p>\n<h2 style=\"text-align: justify;\">Rigor\u00f3zn\u00ed zkou\u0161ky<\/h2>\n<p style=\"text-align: justify;\">Na Kated\u0159e rusistiky a lingvodidaktiky je mo\u017en\u00e9 vykonat rigor\u00f3zn\u00ed zkou\u0161ku v oboru U\u010ditelstv\u00ed rusk\u00e9ho jazyka pro 2. st. Z\u0160 a S\u0160. V\u00edce informac\u00ed o rig\u00f3r\u00f3zn\u00edm \u0159\u00edzen\u00ed je na <a href=\"http:\/\/pedf.cuni.cz\/PEDF-126.html\" target=\"_blank\" rel=\"noopener noreferrer\">webu Pedagogick\u00e9 fakulty<\/a>.<\/p>\n","protected":false},"excerpt":{"rendered":"<p>Prezen\u010dn\u00ed studium P\u0159ev\u00e1\u017en\u00e1 \u010d\u00e1st v\u00fduky je organizov\u00e1na formou p\u0159edn\u00e1\u0161ek a semin\u00e1\u0159\u016f, kter\u00e9 se konaj\u00ed podle pravideln\u00e9ho rozvrhu a b\u011bhem nich\u017e m\u00e1 student mo\u017enost z\u00edskat poznatky p\u0159\u00edmo. Studium jenotliv\u00fdch p\u0159edm\u011bt\u016f m\u016f\u017ee b\u00fdt zakon\u010deno z\u00e1po\u010dtem nebo zkou\u0161kou. Roz\u0161i\u0159uj\u00edc\u00ed studium P\u0159ej\u00edt na str\u00e1nku s informacemi Celo\u017eivotn\u00ed vzd\u011bl\u00e1v\u00e1n\u00ed Otev\u0159\u00edt nab\u00eddku semin\u00e1\u0159\u016f akreditovan\u00fdch v programu DVPP Studium zahrani\u010dn\u00edch student\u016f Podm\u00ednky [&hellip;]<\/p>\n","protected":false},"author":1,"featured_media":0,"parent":0,"menu_order":3,"comment_status":"closed","ping_status":"closed","template":"","meta":{"ngg_post_thumbnail":0,"footnotes":""},"class_list":["post-161","page","type-page","status-publish","hentry"],"_links":{"self":[{"href":"https:\/\/krl.pedf.cuni.cz\/index.php\/wp-json\/wp\/v2\/pages\/161"}],"collection":[{"href":"https:\/\/krl.pedf.cuni.cz\/index.php\/wp-json\/wp\/v2\/pages"}],"about":[{"href":"https:\/\/krl.pedf.cuni.cz\/index.php\/wp-json\/wp\/v2\/types\/page"}],"author":[{"embeddable":true,"href":"https:\/\/krl.pedf.cuni.cz\/index.php\/wp-json\/wp\/v2\/users\/1"}],"replies":[{"embeddable":true,"href":"https:\/\/krl.pedf.cuni.cz\/index.php\/wp-json\/wp\/v2\/comments?post=161"}],"version-history":[{"count":4,"href":"https:\/\/krl.pedf.cuni.cz\/index.php\/wp-json\/wp\/v2\/pages\/161\/revisions"}],"predecessor-version":[{"id":4379,"href":"https:\/\/krl.pedf.cuni.cz\/index.php\/wp-json\/wp\/v2\/pages\/161\/revisions\/4379"}],"wp:attachment":[{"href":"https:\/\/krl.pedf.cuni.cz\/index.php\/wp-json\/wp\/v2\/media?parent=161"}],"curies":[{"name":"wp","href":"https:\/\/api.w.org\/{rel}","templated":true}]}}

<h2 style="text-align: justify;">Prezenční studium</h2>
<p style="text-align: justify;">Převážná část výuky je organizována formou přednášek a seminářů, které se konají podle pravidelného rozvrhu a během nichž má student možnost získat poznatky přímo. Studium jenotlivých předmětů může být zakončeno zápočtem nebo zkouškou.</p>
<h2 style="text-align: justify;">Rozšiřující studium</h2>
<p><a href="http://krl.pedf.cuni.cz/?page_id=2618">Přejít na stránku s informacemi</a></p>
<h2 style="text-align: justify;">Celoživotní vzdělávání</h2>
<p><a href="http://krl.pedf.cuni.cz/index.php/czv/">Otevřít nabídku seminářů</a> akreditovaných v programu DVPP</p>
<h2 style="text-align: justify;">Studium zahraničních studentů</h2>
<p style="text-align: justify;">Podmínky studia cizinců upravuje článek 26 statutu univerzity a pravidla pro studium cizinců mimo studijní studijní programy univerzity a v mezích těchto předpisů studijní a zkušební řád fakulty, který je vnitřním předpisem fakulty.</p>
<h2 style="text-align: justify;">Rigorózní zkoušky</h2>
<p style="text-align: justify;">Na Katedře rusistiky a lingvodidaktiky je možné vykonat rigorózní zkoušku v oboru Učitelství ruského jazyka pro 2. st. ZŠ a SŠ. Více informací o rigórózním řízení je na <a href="http://pedf.cuni.cz/PEDF-126.html" target="_blank" rel="noopener noreferrer">webu Pedagogické fakulty</a>.</p>

<p>Prezenční studium Převážná část výuky je organizována formou přednášek a seminářů, které se konají podle pravidelného rozvrhu a během nichž má student možnost získat poznatky přímo. Studium jenotlivých předmětů může být zakončeno zápočtem nebo zkouškou. Rozšiřující studium Přejít na stránku s informacemi Celoživotní vzdělávání Otevřít nabídku seminářů akreditovaných v programu DVPP Studium zahraničních studentů Podmínky [&hellip;]</p>
