{"id":165,"date":"2012-11-23T15:55:08","date_gmt":"2012-11-23T15:55:08","guid":{"rendered":"http:\/\/www.krl.8u.cz\/?page_id=165"},"modified":"2023-09-14T08:38:48","modified_gmt":"2023-09-14T06:38:48","slug":"okruhy-k-szz-bc","status":"publish","type":"page","link":"https:\/\/krl.pedf.cuni.cz\/index.php\/pro-studenty-2\/statni-zaverecne-zkousky\/okruhy-k-szz-bc\/","title":{"rendered":"Okruhy k SZZ &#8211; Bc"},"content":{"rendered":"\n<h2 class=\"wp-block-heading\"><strong>Tematick\u00e9 okruhy k bakal\u00e1\u0159sk\u00fdm st\u00e1tn\u00edm zkou\u0161k\u00e1m z rusk\u00e9ho jazyka a literatury<\/strong><\/h2>\n\n\n<h2><span style=\"color: #0000ff;\">AKTU\u00c1LN\u00cd (od AR 2023\/2024)<\/span><\/h2>\n<h3>Rusk\u00fd jazyk<\/h3>\n<p><strong>Fonetika a fonologie<\/strong><\/p>\n<ol>\n<li style=\"font-weight: 400;\" aria-level=\"1\"><span style=\"font-weight: 400;\">Fonetika jako v\u011bda, z\u00e1kladn\u00ed pojmy. Fonologie.<\/span><\/li>\n<li style=\"font-weight: 400;\" aria-level=\"1\"><span style=\"font-weight: 400;\">Hl\u00e1sky &#8211; charakteristika, klasifikace. Vokalismus.<\/span><\/li>\n<li style=\"font-weight: 400;\" aria-level=\"1\"><span style=\"font-weight: 400;\">Fonologick\u00e9 a prozodick\u00e9 prvky a p\u0159\u00edznaky zvukov\u00e9 str\u00e1nky rusk\u00e9ho jazyka, jejich charakteristika a porovn\u00e1n\u00ed s&nbsp;\u010de\u0161tinou.<\/span><\/li>\n<li style=\"font-weight: 400;\" aria-level=\"1\"><span style=\"font-weight: 400;\">Konsonantismus. Fonetick\u00e9 procesy ru\u0161tiny v porovn\u00e1n\u00ed s \u010de\u0161tinou.<\/span><\/li>\n<li style=\"font-weight: 400;\" aria-level=\"1\"><span style=\"font-weight: 400;\">Rytmus: p\u0159\u00edzvuk, redukce.<\/span><\/li>\n<li style=\"font-weight: 400;\" aria-level=\"1\"><span style=\"font-weight: 400;\">Melodie a intonace. IK.<\/span><\/li>\n<\/ol>\n<p><strong>Lexikologie<\/strong><\/p>\n<ol>\n<li style=\"font-weight: 400;\" aria-level=\"1\"><span style=\"font-weight: 400;\">Lexikologie jako v\u011bda, z\u00e1kladn\u00ed pojmy. Pojet\u00ed slova.<\/span><\/li>\n<li style=\"font-weight: 400;\" aria-level=\"1\"><span style=\"font-weight: 400;\">V\u00fdznam slova a druhy v\u00fdznam\u016f, mnohozna\u010dnost a zp\u016fsoby p\u0159en\u00e1\u0161en\u00ed v\u00fdznam\u016f.<\/span><\/li>\n<li style=\"font-weight: 400;\" aria-level=\"1\"><span style=\"font-weight: 400;\">Homonymie a polys\u00e9mie.&nbsp;<\/span><\/li>\n<li style=\"font-weight: 400;\" aria-level=\"1\"><span style=\"font-weight: 400;\">Synonymie a antonymie.<\/span><\/li>\n<li style=\"font-weight: 400;\" aria-level=\"1\"><span style=\"font-weight: 400;\">Zp\u016fsoby obohacov\u00e1n\u00ed slovn\u00ed z\u00e1soby.<\/span><\/li>\n<li style=\"font-weight: 400;\" aria-level=\"1\"><span style=\"font-weight: 400;\">Rozvrstven\u00ed slovn\u00ed z\u00e1soby podle p\u016fvodu.&nbsp;<\/span><\/li>\n<li style=\"font-weight: 400;\" aria-level=\"1\"><span style=\"font-weight: 400;\">Stylistick\u00e9 rozvrstven\u00ed slovn\u00ed z\u00e1soby a rozvrstven\u00ed slovn\u00ed z\u00e1soby podle dobov\u00e9ho vymezen\u00ed, podle&nbsp;\u00fazemn\u00edho a soci\u00e1ln\u00edho hlediska.<\/span><\/li>\n<li style=\"font-weight: 400;\" aria-level=\"1\"><span style=\"font-weight: 400;\">Frazeologie.<\/span><\/li>\n<\/ol>\n<p><strong>Morfologie<\/strong><\/p>\n<ol>\n<li style=\"font-weight: 400;\" aria-level=\"1\"><span style=\"font-weight: 400;\">Morfologie jako v\u011bda, z\u00e1kladn\u00ed pojmy. Morfematika.<\/span><\/li>\n<li style=\"font-weight: 400;\" aria-level=\"1\"><span style=\"font-weight: 400;\">Podstatn\u00e1 jm\u00e9na.<\/span><\/li>\n<li style=\"font-weight: 400;\" aria-level=\"1\"><span style=\"font-weight: 400;\">P\u0159\u00eddavn\u00e1 jm\u00e9na.<\/span><\/li>\n<li style=\"font-weight: 400;\" aria-level=\"1\"><span style=\"font-weight: 400;\">Z\u00e1jmena a \u010d\u00edslovky.<\/span><\/li>\n<li style=\"font-weight: 400;\" aria-level=\"1\"><span style=\"font-weight: 400;\">P\u0159\u00edslovce, predik\u00e1ty a mod\u00e1ln\u00ed v\u00fdrazy.<\/span><\/li>\n<li style=\"font-weight: 400;\" aria-level=\"1\"><span style=\"font-weight: 400;\">Sloveso &#8211; charakteristika, klasifikace sloves.<\/span><\/li>\n<li style=\"font-weight: 400;\" aria-level=\"1\"><span style=\"font-weight: 400;\">Sloveso &#8211; gramatick\u00e9 kategorie, p\u0159\u00edzvukov\u00e9 typy, atributivn\u00ed tvary.<\/span><\/li>\n<li style=\"font-weight: 400;\" aria-level=\"1\"><span style=\"font-weight: 400;\">Neplnov\u00fdznamov\u00e9 slovn\u00ed druhy.<\/span><\/li>\n<\/ol>\n<p><strong>Syntax<\/strong><\/p>\n<ol>\n<li style=\"font-weight: 400;\" aria-level=\"1\"><span style=\"font-weight: 400;\">Syntax jako v\u011bda, z\u00e1kladn\u00ed pojmy. Syntaktick\u00fd syst\u00e9m. Slovo, v\u011bta.<\/span><\/li>\n<li style=\"font-weight: 400;\" aria-level=\"1\"><span style=\"font-weight: 400;\">V\u011bta jednoduch\u00e1 dvou\u010dlenn\u00e1 \u2013 klasifikace a charakteristika jednotliv\u00fdch typ\u016f.<\/span><\/li>\n<li style=\"font-weight: 400;\" aria-level=\"1\"><span style=\"font-weight: 400;\">V\u011bta jedno\u010dlenn\u00e1 \u2013 klasifikace a charakteristika jednotliv\u00fdch typ\u016f.<\/span><\/li>\n<li style=\"font-weight: 400;\" aria-level=\"1\"><span style=\"font-weight: 400;\">Klasifikace v\u011bt podle modality. Syntaktick\u00e9 vztahy mezi slovy ve v\u011bt\u011b.<\/span><\/li>\n<li style=\"font-weight: 400;\" aria-level=\"1\"><span style=\"font-weight: 400;\">V\u011btn\u00e9 \u010dleny &#8211; charakteristika a klasifikace. N\u011bkolikan\u00e1sobn\u00e9, voln\u011b p\u0159ipojen\u00e9 v\u011btn\u00e9 \u010dleny.<\/span><\/li>\n<li style=\"font-weight: 400;\" aria-level=\"1\"><span style=\"font-weight: 400;\">Z\u00e1kladn\u00ed a rozv\u00edjej\u00edc\u00ed v\u011btn\u00e9 \u010dleny v porovn\u00e1n\u00ed s \u010desk\u00fdm jazykem.<\/span><\/li>\n<li style=\"font-weight: 400;\" aria-level=\"1\"><span style=\"font-weight: 400;\">Souv\u011bt\u00ed sou\u0159adn\u00e9 \u2013 charakteristika a klasifikace.<\/span><\/li>\n<li style=\"font-weight: 400;\" aria-level=\"1\"><span style=\"font-weight: 400;\">Souv\u011bt\u00ed pod\u0159adn\u00e9 \u2013 charakteristika a klasifikace.<\/span><\/li>\n<\/ol>\n<h3>Rusk\u00e1 literatura<\/h3>\n<ol>\n<li style=\"font-weight: 400;\" aria-level=\"1\"><span style=\"font-weight: 400;\">A. S. Pu\u0161kin.<\/span><\/li>\n<li style=\"font-weight: 400;\" aria-level=\"1\"><span style=\"font-weight: 400;\">N. V. Gogol.<\/span><\/li>\n<li style=\"font-weight: 400;\" aria-level=\"1\"><span style=\"font-weight: 400;\">F. M. Dostojevskij.<\/span><\/li>\n<li style=\"font-weight: 400;\" aria-level=\"1\"><span style=\"font-weight: 400;\">L. N. Tolstoj.<\/span><\/li>\n<li style=\"font-weight: 400;\" aria-level=\"1\"><span style=\"font-weight: 400;\">A. P. \u010cechov.<\/span><\/li>\n<li style=\"font-weight: 400;\" aria-level=\"1\"><span style=\"font-weight: 400;\">M. A. Bulgakov.<\/span><\/li>\n<li style=\"font-weight: 400;\" aria-level=\"1\"><span style=\"font-weight: 400;\">Nositel\u00e9 Nobelovy ceny za literaturu.<\/span><\/li>\n<li style=\"font-weight: 400;\" aria-level=\"1\"><span style=\"font-weight: 400;\">Romantismus v rusk\u00e9 literatu\u0159e.<\/span><\/li>\n<li style=\"font-weight: 400;\" aria-level=\"1\"><span style=\"font-weight: 400;\">Realismus v rusk\u00e9 literatu\u0159e.<\/span><\/li>\n<li style=\"font-weight: 400;\" aria-level=\"1\"><span style=\"font-weight: 400;\">Obrazy mal\u00e9ho a zbyte\u010dn\u00e9ho \u010dlov\u011bka v rusk\u00e9 literatu\u0159e.<\/span><\/li>\n<li style=\"font-weight: 400;\" aria-level=\"1\"><span style=\"font-weight: 400;\">Rusk\u00e1 poezie.<\/span><\/li>\n<li style=\"font-weight: 400;\" aria-level=\"1\"><span style=\"font-weight: 400;\">&nbsp;Rusk\u00e9 drama.<\/span><\/li>\n<li style=\"font-weight: 400;\" aria-level=\"1\"><span style=\"font-weight: 400;\">Rom\u00e1n v rusk\u00e9 literatu\u0159e.<\/span><\/li>\n<li style=\"font-weight: 400;\" aria-level=\"1\"><span style=\"font-weight: 400;\">Literatura rusk\u00fdch emigrant\u016f.<\/span><\/li>\n<li style=\"font-weight: 400;\" aria-level=\"1\"><span style=\"font-weight: 400;\">Humor a satira v rusk\u00e9 literatu\u0159e.<\/span><\/li>\n<li style=\"font-weight: 400;\" aria-level=\"1\"><span style=\"font-weight: 400;\">V\u00e1le\u010dn\u00e1 pr\u00f3za v rusk\u00e9 literatu\u0159e.<\/span><\/li>\n<li style=\"font-weight: 400;\" aria-level=\"1\"><span style=\"font-weight: 400;\">L\u00e1grov\u00e1 pr\u00f3za v rusk\u00e9 literatu\u0159e.<\/span><\/li>\n<li style=\"font-weight: 400;\" aria-level=\"1\"><span style=\"font-weight: 400;\">Postmoderna v rusk\u00e9 literatu\u0159e.<\/span><\/li>\n<\/ol>\n<h2><span style=\"color: #ff0000;\">ARCHIV (do AR 2022\/2023 v\u010d.)<\/span><\/h2>\n<h3 style=\"text-align: justify;\">I. Rusk\u00fd jazyk<strong><br><\/strong><\/h3>\n<p style=\"text-align: justify;\">P\u0159edm\u011btem st\u00e1tn\u00ed bakal\u00e1\u0159sk\u00e9 zkou\u0161ky z rusk\u00e9ho jazyka je: fonetika, gramatika a lexikologie. Sou\u010d\u00e1st\u00ed zkou\u0161ky je tak\u00e9 morfologick\u00fd, syntaktick\u00fd a lexik\u00e1ln\u00ed rozbor sou\u010dasn\u00e9ho rusk\u00e9ho textu. Posuzuje se t\u00e9\u017e spr\u00e1vn\u00e1 rusk\u00e1 v\u00fdslovnost p\u0159i \u010dten\u00ed textu a m\u016f\u017ee b\u00fdt po\u017eadov\u00e1n jeho adekv\u00e1tn\u00ed p\u0159eklad do \u010de\u0161tiny bez pomoci slovn\u00edku. Krom\u011b rozboru textu bude u \u00fastn\u00ed zkou\u0161ky zad\u00e1na jedna ot\u00e1zka z n\u00ed\u017ee uveden\u00fdch tematick\u00fdch okruh\u016f:<\/p>\n<h4 style=\"text-align: justify;\">Fonetika rusk\u00e9ho jazyka<\/h4>\n<ol style=\"text-align: justify;\">\n<li>Proces komunikace (etapy procesu komunikace, v\u00fdrazov\u00fd a obsahov\u00fd pl\u00e1n).<\/li>\n<li>Pom\u011br hl\u00e1sky, fon\u00e9mu a p\u00edsmena z hlediska sou\u010dasn\u00e9ho rusk\u00e9ho stavu..<\/li>\n<li>Aspekty studia fonetick\u00e9ho syst\u00e9mu: artikula\u010dn\u00ed a akustick\u00e1 fonetika.<\/li>\n<li>Fonologie: suprasegment\u00e1ln\u00ed elementy. Dynamika, rytmus.<\/li>\n<li>Funkce rusk\u00e9ho p\u0159\u00edzvuku. Redukce.<\/li>\n<li>Klasifikace rusk\u00fdch souhl\u00e1sek (m\u00edsto, zp\u016fsob artikulace, \u00fa\u010dast hlasivek, m\u011bkkostn\u00ed a zn\u011blostn\u00ed asimilace).<\/li>\n<li>Klasifikace rusk\u00fdch samohl\u00e1sek.<\/li>\n<li>Hl\u00e1skov\u00e1 akomodace.<\/li>\n<li>Znalost intona\u010dn\u00edch typ\u016f rusk\u00e9 v\u011bty. Zvukov\u00e9 prost\u0159edky: v\u011btn\u00fd p\u0159\u00edzvuk a d\u016fraz, pauza,tempo \u0159e\u010di, v\u011btn\u00e1 melodie.<\/li>\n<li>Ortoepie. Grafika a ortografie.<\/li>\n<li>Transkripce a transliterace.<\/li>\n<\/ol>\n<h4 style=\"text-align: justify;\">Morfologie rusk\u00e9ho jazyka<\/h4>\n<ol style=\"text-align: justify;\">\n<li>P\u0159edm\u011bt morfologie ru\u0161tiny a jej\u00ed vztah ke skladb\u011b.<\/li>\n<li>Stavba slova, mluvnick\u00e9 v\u00fdznamy ve slov\u011b a zp\u016fsoby jejich vyj\u00e1d\u0159en\u00ed.<\/li>\n<li>Slovn\u00ed druhy jako lexik\u00e1ln\u011bgramatick\u00e9 t\u0159\u00eddy slov a jejich mluvnick\u00e9 kategorie. Slova v\u00fdznamov\u00e1 a mluvnick\u00e1.<\/li>\n<li>Podstatn\u00e1 jm\u00e9na, jejich mluvnick\u00e9 kategorie v porovn\u00e1n\u00ed s \u010de\u0161tinou, typy paradigmat a variantn\u00ed koncovky v jednotliv\u00fdch p\u00e1dech. Hlavn\u00ed akcentologick\u00e9 typy.<\/li>\n<li>P\u0159\u00eddavn\u00e1 jm\u00e9na, jejich s\u00e9mantick\u00e1 klasifikace, soustava tvar\u016f a sklo\u0148ov\u00e1n\u00ed.<\/li>\n<li>Specifika z\u00e1jmen v r\u00e1mci ostatn\u00edch v\u00fdznamov\u00fdch slovn\u00edch druh\u016f, jejich s\u00e9mantick\u00e1 klasifikace a odli\u0161nost jednotliv\u00fdch z\u00e1jmen od \u010de\u0161tiny.<\/li>\n<li>\u010c\u00edslovky, jejich s\u00e9mantick\u00e1 klasifikace, sklo\u0148ov\u00e1n\u00ed \u010d\u00edslovek v jednotliv\u00fdch skupin\u00e1ch a jejich u\u017e\u00edv\u00e1n\u00ed.<\/li>\n<li>Sloveso, jeho mluvnick\u00e9 kategorie v porovn\u00e1n\u00ed s \u010de\u0161tinou. Typy paradigmat. Hlavn\u00ed akcentologick\u00e9 typy.<\/li>\n<li>Produktivn\u00ed t\u0159\u00eddy sloves a skupiny sloves neproduktivn\u00edch.<\/li>\n<li>Funkce slovesa \u201eb\u00fdt\u201c v ru\u0161tin\u011b a \u010de\u0161tin\u011b.<\/li>\n<li>Vyjad\u0159ov\u00e1n\u00ed aktivn\u00ed a pasivn\u00ed, rozd\u00edly mezi \u010de\u0161tinou a ru\u0161tinou.<\/li>\n<li>P\u0159\u00eddavn\u00e1 jm\u00e9na slovesn\u00e1, p\u0159echodn\u00edky, jejich tvo\u0159en\u00ed a vyu\u017eit\u00ed v ru\u0161tin\u011b v porovn\u00e1n\u00ed s \u010de\u0161tinou.<\/li>\n<li>P\u0159\u00edslovce jako neohebn\u00fd v\u00fdznamov\u00fd slovn\u00ed druh, tvo\u0159en\u00ed p\u0159\u00edslovc\u00ed. Predikativn\u00ed p\u0159\u00edslovce a jejich problematika.<\/li>\n<li>Gramatick\u00e1 slova v ru\u0161tin\u011b, jejich odli\u0161nost od v\u00fdznamov\u00fdch slov. Vyu\u017eit\u00ed gramatick\u00fdch slov v jazyce.<\/li>\n<li>D\u016fle\u017eit\u00e9 nevlastn\u00ed p\u0159edlo\u017eky a p\u0159edlo\u017ekov\u00e9 v\u00fdrazy v ru\u0161tin\u011b v porovn\u00e1n\u00ed s \u010de\u0161tinou.<\/li>\n<li>Spojky a spojkov\u00e9 v\u00fdrazy v ru\u0161tin\u011b v porovn\u00e1n\u00ed s \u010de\u0161tinou.<\/li>\n<li>\u010c\u00e1stice, jejich funkce a odli\u0161nosti od jin\u00fdch mluvnick\u00fdch slov.<\/li>\n<li>Citoslovce jako slova vyjad\u0159uj\u00edc\u00ed n\u00e1lady, city a v\u016fli mluv\u010d\u00edho.<\/li>\n<\/ol>\n<h4 style=\"text-align: justify;\">Skladba rusk\u00e9ho jazyka<\/h4>\n<ol style=\"text-align: justify;\">\n<li>Celkov\u00e1 charakteristika rusk\u00e9ho syntaktick\u00e9ho syst\u00e9mu v porovn\u00e1n\u00ed s \u010desk\u00fdm.<\/li>\n<li>Celkov\u00e1 charakteristika rusk\u00e9 v\u011bty po str\u00e1nce obsahov\u011b v\u00fdznamov\u00e9, mluvnick\u00e9 a zvukov\u00e9.<\/li>\n<li>Dvoj\u010dlenn\u00e9 slovesn\u00e9 v\u011bty, jejich jednotliv\u00e9 struktury a rusko\u010desk\u00e9 rozd\u00edly.<\/li>\n<li>Dvoj\u010dlenn\u00e9 sponov\u011b jmenn\u00e9 v\u011bty v porovn\u00e1n\u00ed s \u010de\u0161tinou.<\/li>\n<li>Klasifikace jedno\u010dlenn\u00fdch v\u011bt a stru\u010dn\u00e1 charakteristika jednotliv\u00fdch skupin v porovn\u00e1vac\u00edm rusko\u010desk\u00e9m pl\u00e1nu.<\/li>\n<li>Z\u00e1kladn\u00ed v\u011btn\u00e9 \u010dleny, jejich vyj\u00e1d\u0159en\u00ed a rusko\u010desk\u00e9 odli\u0161nosti.<\/li>\n<li>Rozv\u00edjej\u00edc\u00ed v\u011btn\u00e9 \u010dleny, klasifikace a stru\u010dn\u00e1 charakteristika.<\/li>\n<li>Syntaktick\u00e9 vztahy mezi v\u011btn\u00fdmi \u010dleny a mluvnick\u00e9 zp\u016fsoby jejich vyj\u00e1d\u0159en\u00ed.<\/li>\n<li>Typy v\u011bt podle postoje mluv\u010d\u00edho k obsahu v\u011bty. Modalita.<\/li>\n<li>Z\u00e1porn\u00e9 v\u011bty v ru\u0161tin\u011b, jejich porovn\u00e1n\u00ed s \u010de\u0161tinou.<\/li>\n<li>Polov\u011btn\u00e9 konstrukce vyj\u00e1d\u0159en\u00e9 participi\u00e1ln\u00edmi a p\u0159echodn\u00edkov\u00fdmi vazbami, jejich vyu\u017eit\u00ed v ru\u0161tin\u011b v porovn\u00e1n\u00ed s \u010de\u0161tinou.<\/li>\n<li>Celkov\u00e1 charakteristika rusk\u00e9ho souv\u011bt\u00ed, jeho klasifikace.<\/li>\n<li>Souv\u011bt\u00ed sou\u0159adn\u00e9, klasifikace a spojky v jednotliv\u00fdch skupin\u00e1ch v\u011bt.<\/li>\n<li>Souv\u011bt\u00ed pod\u0159adn\u00e9, klasifikace vedlej\u0161\u00edch v\u011bt.<\/li>\n<\/ol>\n<h4 style=\"text-align: justify;\">Lexikologie rusk\u00e9ho jazyka<strong><br><\/strong><\/h4>\n<ol style=\"text-align: justify;\">\n<li>Lexikologie a jej\u00ed \u010d\u00e1sti.<\/li>\n<li>Vznik pojmenov\u00e1n\u00ed, onomaziologick\u00fd z\u00e1klad a motivovanost pojmenov\u00e1n\u00ed.<\/li>\n<li>Zp\u016fsoby obohacov\u00e1n\u00ed slovn\u00ed z\u00e1soby jazyka.<\/li>\n<li>Typy tvo\u0159en\u00ed slov.<\/li>\n<li>S\u00e9maziologie. Pojet\u00ed slova.<\/li>\n<li>V\u00fdznam slova. V\u00fdznam a pojem. Druhy v\u00fdznam\u016f.<\/li>\n<li>Mnohozna\u010dnost. Zp\u016fsoby p\u0159en\u00e1\u0161en\u00ed v\u00fdznam\u016f.<\/li>\n<li>Homonymie.<\/li>\n<li>Ch\u00e1p\u00e1n\u00ed lexik\u00e1ln\u00edho syst\u00e9mu. Vztahy mezi slovy.<\/li>\n<li>Synonyma a antonyma.<\/li>\n<li>Rozvrstven\u00ed slovn\u00ed z\u00e1soby podle p\u016fvodu. P\u0159ejat\u00e1 slova. Slova staroslov\u011bnsk\u00e9ho p\u016fvodu.<\/li>\n<li>Rozvrstven\u00ed z hlediska \u00fazemn\u00edho a soci\u00e1ln\u00edho roz\u0161\u00ed\u0159en\u00ed.<\/li>\n<li>Stylistick\u00e9 rozvrstven\u00ed slovn\u00ed z\u00e1soby.<\/li>\n<li>Rozvrstven\u00ed z hlediska dobov\u00e9ho vymezen\u00ed.<\/li>\n<li>Z\u00e1kladn\u00ed informace o rusk\u00e9 frazeologii.<\/li>\n<li>Z\u00e1kladn\u00ed informace o rusk\u00e9 terminologii.<\/li>\n<li>Z\u00e1kladn\u00ed typy slovn\u00edk\u016f a jejich pou\u017eit\u00ed ve \u0161koln\u00ed praxi.<\/li>\n<\/ol>\n<h3 style=\"text-align: justify;\">II. Rusk\u00e1 literatura<\/h3>\n<p style=\"text-align: justify;\">P\u0159i st\u00e1tn\u00ed z\u00e1v\u011bre\u010dn\u00e9 bakal\u00e1\u0159sk\u00e9 zkou\u0161ce student prokazuje znalosti z d\u011bjin rusk\u00e9 literatury 19., 20. a 21. stolet\u00ed v kontextu literatury \u010desk\u00e9 a sv\u011btov\u00e9 a z teorie literatury. D\u016fraz je kladen na souvislosti s rusk\u00fdm spole\u010densk\u00fdm a filozofick\u00fdm my\u0161len\u00edm a s jin\u00fdmi druhy um\u011bn\u00ed. P\u0159i zkou\u0161ce se uplat\u0148uje hledisko monografick\u00e9 i v\u00fdvojov\u00e9. Ned\u00edlnou sou\u010d\u00e1st\u00ed zkou\u0161ky je ov\u011b\u0159en\u00ed znalosti a schopnosti interpretace konkr\u00e9tn\u00edch um\u011bleck\u00fdch d\u011bl rozeb\u00edran\u00fdch na semin\u00e1\u0159\u00edch a doporu\u010den\u00fdch k samostatn\u00e9 \u010detb\u011b.<\/p>\n<ol>\n<li>Klasicismus, sentimentalismus (preromantismus) a romantismus, zdroje a liter\u00e1rn\u00ed formy.<\/li>\n<li>V\u00fdvojov\u00e9 etapy realismu a jejich p\u0159edstavitel\u00e9.<\/li>\n<li>Realismus a modern\u00ed liter\u00e1rn\u00ed sm\u011bry konce 19. a za\u010d\u00e1tku 20. stolet\u00ed (symbolismus, dekadence, naturalismus, novoromantismus, impresionismus, expresionismus). Jejich projevy v tvorb\u011b jednotliv\u00fdch spisovatel\u016f (Leskov, Gar\u0161in, Kuprin, Korolenko, Andrejev, Bunin, Gorkij, Sologub)<\/li>\n<li>Rusk\u00e1 literatura 19. stolet\u00ed jako sou\u010d\u00e1st evropsk\u00e9ho liter\u00e1rn\u00edho v\u00fdvoje.<\/li>\n<li>Literatura a kritika, liter\u00e1rn\u00ed \u010dasopisy a sdru\u017een\u00ed, jejich pod\u00edl na \u017eivot\u011b rusk\u00e9 spole\u010dnosti<\/li>\n<li>Rom\u00e1n v 19. stolet\u00ed a jeho \u017e\u00e1nrov\u00e9 prom\u011bny.<\/li>\n<li>T\u00e9mata a \u017e\u00e1nry satirick\u00e9 literatury v 19. stolet\u00ed, jej\u00ed hlavn\u00ed p\u0159edstavitel\u00e9.<\/li>\n<li>Lyrika 19. stolet\u00ed, jej\u00ed \u017e\u00e1nry a hlavn\u00ed p\u0159edstavitel\u00e9.<\/li>\n<li>Rusk\u00e9 d\u011bjiny v kr\u00e1sn\u00e9 literatu\u0159e 19. stolet\u00ed.<\/li>\n<li>Drama v 19. stolet\u00ed, jeho \u017e\u00e1nry a hlavn\u00ed p\u0159edstavitel\u00e9.<\/li>\n<li>Po\u00e9ma \u2013 tradi\u010dn\u00ed \u017e\u00e1nr rusk\u00e9 literatury.<\/li>\n<li>M\u00edsto A. S. Pu\u0161kina ve v\u00fdvoji rusk\u00e9 literatury.<\/li>\n<li>Tvorba N. V. Gogola, autorsk\u00fd z\u00e1m\u011br a spole\u010densk\u00fd ohlas.<\/li>\n<li>M. J. Lermontov b\u00e1sn\u00edk ho\u0159e z rozumu i citu.<\/li>\n<li>Psychologie l\u00e1sky, osudy rusk\u00e9 vesnice a inteligence v tvorb\u011b I. S. Turgen\u011bva.<\/li>\n<li>V\u00fdvoj filozofick\u00fdch n\u00e1zor\u016f L. N. Tolst\u00e9ho a jejich uplatn\u011bn\u00ed ve spisovatelov\u011b tvorb\u011b.<\/li>\n<li>F. M. Dostojevskij \u2013 v\u011b\u010dn\u00fd probl\u00e9m \u010dlov\u011bka.<\/li>\n<li>A. P. \u010cechov, prozaik a dramatik.<\/li>\n<\/ol>\n<h4 style=\"text-align: justify;\">Rusk\u00e1 literatura XX. stolet\u00ed<\/h4>\n<ol>\n<li>\u0420\u0443\u0441\u0441\u043a\u0430\u044f \u043b\u0438\u0442\u0435\u0440\u0430\u0442\u0443\u0440\u0430 \u043d\u0430 \u0440\u0443\u0431\u0435\u0436\u0435 XIX \u0438 XX \u0432\u0432.<\/li>\n<li>\u0420\u0443\u0441\u0441\u043a\u0438\u0439 \u00ab\u043b\u0438\u0442\u0435\u0440\u0430\u0442\u0443\u0440\u043d\u044b\u0439 \u0430\u0432\u0430\u043d\u0433\u0430\u0440\u0434\u00bb<\/li>\n<li>\u042e\u043c\u043e\u0440 \u0438 \u0441\u0430\u0442\u0438\u0440\u0430 \u0432 \u0440\u0443\u0441\u0441\u043a\u043e\u0439 \u043b\u0438\u0442\u0435\u0440\u0430\u0442\u0443\u0440\u0435 \u0425\u0425 \u0432\u0435\u043a\u0430<\/li>\n<li>\u0418\u0437\u043e\u0431\u0440\u0430\u0436\u0435\u043d\u0438\u0435 \u0432\u043e\u0439\u043d\u044b \u0432 \u0440\u0443\u0441\u0441\u043a\u043e\u0439 \u043b\u0438\u0442\u0435\u0440\u0430\u0442\u0443\u0440\u0435 \u0425\u0425 \u0432\u0435\u043a\u0430<\/li>\n<li>\u0420\u0443\u0441\u0441\u043a\u0430\u044f \u043b\u0438\u0442\u0435\u0440\u0430\u0442\u0443\u0440\u043d\u0430\u044f \u044d\u043c\u0438\u0433\u0440\u0430\u0446\u0438\u044f<\/li>\n<li>\u041b\u0438\u0442\u0435\u0440\u0430\u0442\u0443\u0440\u0430 \u0438 \u0442\u043e\u0442\u0430\u043b\u0438\u0442\u0430\u0440\u043d\u0430\u044f \u0441\u0438\u0441\u0442\u0435\u043c\u0430<\/li>\n<li>\u042d\u0442\u0438\u0447\u0435\u0441\u043a\u0438\u0435 \u0432\u043e\u043f\u0440\u043e\u0441\u044b \u0432 \u0440\u0443\u0441\u0441\u043a\u043e\u0439 \u043f\u043e\u0441\u043b\u0435\u0432\u043e\u0435\u043d\u043d\u043e\u0439 \u043b\u0438\u0442\u0435\u0440\u0430\u0442\u0443\u0440\u0435<\/li>\n<li>\u0420\u0443\u0441\u0441\u043a\u0438\u0439 \u043f\u043e\u0441\u0442\u043c\u043e\u0434\u0435\u0440\u043d\u0438\u0437\u043c<\/li>\n<li>\u0421\u043e\u0432\u0440\u0435\u043c\u0435\u043d\u043d\u0430\u044f \u0440\u0443\u0441\u0441\u043a\u0430\u044f \u043b\u0438\u0442\u0435\u0440\u0430\u0442\u0443\u0440\u0430<\/li>\n<\/ol>","protected":false},"excerpt":{"rendered":"<p>Tematick\u00e9 okruhy k bakal\u00e1\u0159sk\u00fdm st\u00e1tn\u00edm zkou\u0161k\u00e1m z rusk\u00e9ho jazyka a literatury AKTU\u00c1LN\u00cd (od AR 2023\/2024) Rusk\u00fd jazyk Fonetika a fonologie Fonetika jako v\u011bda, z\u00e1kladn\u00ed pojmy. Fonologie. Hl\u00e1sky &#8211; charakteristika, klasifikace. Vokalismus. Fonologick\u00e9 a prozodick\u00e9 prvky a p\u0159\u00edznaky zvukov\u00e9 str\u00e1nky rusk\u00e9ho jazyka, jejich charakteristika a porovn\u00e1n\u00ed s&nbsp;\u010de\u0161tinou. Konsonantismus. Fonetick\u00e9 procesy ru\u0161tiny v porovn\u00e1n\u00ed s \u010de\u0161tinou. Rytmus: [&hellip;]<\/p>\n","protected":false},"author":1,"featured_media":0,"parent":114,"menu_order":0,"comment_status":"closed","ping_status":"closed","template":"","meta":{"ngg_post_thumbnail":0,"footnotes":""},"class_list":["post-165","page","type-page","status-publish","hentry"],"_links":{"self":[{"href":"https:\/\/krl.pedf.cuni.cz\/index.php\/wp-json\/wp\/v2\/pages\/165"}],"collection":[{"href":"https:\/\/krl.pedf.cuni.cz\/index.php\/wp-json\/wp\/v2\/pages"}],"about":[{"href":"https:\/\/krl.pedf.cuni.cz\/index.php\/wp-json\/wp\/v2\/types\/page"}],"author":[{"embeddable":true,"href":"https:\/\/krl.pedf.cuni.cz\/index.php\/wp-json\/wp\/v2\/users\/1"}],"replies":[{"embeddable":true,"href":"https:\/\/krl.pedf.cuni.cz\/index.php\/wp-json\/wp\/v2\/comments?post=165"}],"version-history":[{"count":1,"href":"https:\/\/krl.pedf.cuni.cz\/index.php\/wp-json\/wp\/v2\/pages\/165\/revisions"}],"predecessor-version":[{"id":4295,"href":"https:\/\/krl.pedf.cuni.cz\/index.php\/wp-json\/wp\/v2\/pages\/165\/revisions\/4295"}],"up":[{"embeddable":true,"href":"https:\/\/krl.pedf.cuni.cz\/index.php\/wp-json\/wp\/v2\/pages\/114"}],"wp:attachment":[{"href":"https:\/\/krl.pedf.cuni.cz\/index.php\/wp-json\/wp\/v2\/media?parent=165"}],"curies":[{"name":"wp","href":"https:\/\/api.w.org\/{rel}","templated":true}]}}