{"id":2121,"date":"2015-09-24T06:15:05","date_gmt":"2015-09-24T06:15:05","guid":{"rendered":"http:\/\/krl.pedf.cuni.cz\/?page_id=2121"},"modified":"2020-02-14T23:23:43","modified_gmt":"2020-02-14T22:23:43","slug":"sem-prace","status":"publish","type":"page","link":"https:\/\/krl.pedf.cuni.cz\/index.php\/pro-studenty-2\/sem-prace\/","title":{"rendered":"Semin\u00e1rn\u00ed pr\u00e1ce"},"content":{"rendered":"<p>Pravidla pro psan\u00ed semin\u00e1rn\u00edch prac\u00ed, kter\u00e1 jsou platn\u00e1 pro v\u0161echny studenty na KRL.<\/p>\n<p><strong><a href=\"http:\/\/krl.pedf.cuni.cz\/wp-content\/uploads\/2014\/12\/2014_instrukce_seminarky.pdf\">Pravidla pro zpracov\u00e1n\u00ed semin\u00e1rn\u00edch prac\u00ed a p\u00edsemn\u00fdch \u00fakol\u016f<\/a><\/strong><\/p>\n","protected":false},"excerpt":{"rendered":"<p>Pravidla pro psan\u00ed semin\u00e1rn\u00edch prac\u00ed, kter\u00e1 jsou platn\u00e1 pro v\u0161echny studenty na KRL. Pravidla pro zpracov\u00e1n\u00ed semin\u00e1rn\u00edch prac\u00ed a p\u00edsemn\u00fdch \u00fakol\u016f<\/p>\n","protected":false},"author":1,"featured_media":0,"parent":313,"menu_order":0,"comment_status":"closed","ping_status":"closed","template":"","meta":{"ngg_post_thumbnail":0,"footnotes":""},"class_list":["post-2121","page","type-page","status-publish","hentry"],"_links":{"self":[{"href":"https:\/\/krl.pedf.cuni.cz\/index.php\/wp-json\/wp\/v2\/pages\/2121"}],"collection":[{"href":"https:\/\/krl.pedf.cuni.cz\/index.php\/wp-json\/wp\/v2\/pages"}],"about":[{"href":"https:\/\/krl.pedf.cuni.cz\/index.php\/wp-json\/wp\/v2\/types\/page"}],"author":[{"embeddable":true,"href":"https:\/\/krl.pedf.cuni.cz\/index.php\/wp-json\/wp\/v2\/users\/1"}],"replies":[{"embeddable":true,"href":"https:\/\/krl.pedf.cuni.cz\/index.php\/wp-json\/wp\/v2\/comments?post=2121"}],"version-history":[{"count":1,"href":"https:\/\/krl.pedf.cuni.cz\/index.php\/wp-json\/wp\/v2\/pages\/2121\/revisions"}],"predecessor-version":[{"id":3745,"href":"https:\/\/krl.pedf.cuni.cz\/index.php\/wp-json\/wp\/v2\/pages\/2121\/revisions\/3745"}],"up":[{"embeddable":true,"href":"https:\/\/krl.pedf.cuni.cz\/index.php\/wp-json\/wp\/v2\/pages\/313"}],"wp:attachment":[{"href":"https:\/\/krl.pedf.cuni.cz\/index.php\/wp-json\/wp\/v2\/media?parent=2121"}],"curies":[{"name":"wp","href":"https:\/\/api.w.org\/{rel}","templated":true}]}}