{"id":310,"date":"2012-11-18T10:23:21","date_gmt":"2012-11-18T10:23:21","guid":{"rendered":"http:\/\/www.krl.8u.cz\/?page_id=89"},"modified":"2023-12-03T20:42:07","modified_gmt":"2023-12-03T19:42:07","slug":"katedra-2","status":"publish","type":"page","link":"https:\/\/krl.pedf.cuni.cz\/index.php\/katedra-2\/","title":{"rendered":"Katedra"},"content":{"rendered":"<h3><strong>Profil katedry a jej\u00ed pedagogick\u00e1 \u010dinnost<\/strong><\/h3>\n<p>Katedra rusistiky a lingvodidaktiky p\u0159ipravuje v t\u0159\u00edlet\u00e9m bakal\u00e1\u0159sk\u00e9m a v dvoulet\u00e9m navazuj\u00edc\u00edm magistersk\u00e9m studijn\u00edm programu u\u010ditele rusk\u00e9ho jazyka pro v\u00fdkon praxe na 2. stupni Z\u0160 a S\u0160. V bakal\u00e1\u0159sk\u00e9m studiu je kladen d\u016fraz p\u0159edev\u0161\u00edm na praktick\u00e9 ovl\u00e1d\u00e1n\u00ed jazyka v mluven\u00e9 i psan\u00e9 podob\u011b, podlo\u017een\u00e9 znalostmi jazykov\u00e9 teorie, a d\u00e1le je pozornost v\u011bnov\u00e1na rusk\u00e9 literatu\u0159e, rusk\u00fdm d\u011bjin\u00e1m a re\u00e1li\u00edm, kter\u00e9 vytv\u00e1\u0159ej\u00ed sociokulturn\u00ed r\u00e1mec jazykov\u00e9 komunikace. Obsah navazuj\u00edc\u00edho magistersk\u00e9ho studia kontinu\u00e1ln\u011b roz\u0161i\u0159uje poznatky o rusk\u00e9m jazyce a literatu\u0159e z\u00edskan\u00e9 v p\u0159edchoz\u00edm bakal\u00e1\u0159sk\u00e9m studiu, t\u011b\u017ei\u0161t\u011b studia v\u0161ak tvo\u0159\u00ed oborov\u011bdidaktick\u00e1 p\u0159\u00edprava student\u016f, kter\u00e1 je akcentov\u00e1na ve v\u0161ech povinn\u00fdch a mnoh\u00fdch povinn\u011b voliteln\u00fdch p\u0159edm\u011btech. P\u0159edn\u00e1\u0161ky a semin\u00e1\u0159e oborov\u00e9 didaktiky maj\u00ed \u00fazkou vazbu se souvislou pedagogickou prax\u00ed. D\u00e1le katedra poskytuje mo\u017enost slo\u017een\u00ed rigor\u00f3zn\u00ed zkou\u0161ky. V r\u00e1mci celo\u017eivotn\u00edho vzd\u011bl\u00e1v\u00e1n\u00ed katedra nab\u00edz\u00ed t\u0159\u00edlet\u00e9 roz\u0161i\u0159uj\u00edc\u00ed studium U\u010ditelstv\u00ed rusk\u00e9ho jazyka pro 2. stupe\u0148 Z\u0160 a S\u0160 a rovn\u011b\u017e realizuje r\u016fzn\u00e9 kr\u00e1tkodob\u00e9 semin\u00e1\u0159e pro u\u010ditele z praxe v r\u00e1mci DVPP. Pro odbornou ve\u0159ejnost, zejm\u00e9na pak pro oborov\u00e9 didaktiky filologick\u00fdch kateder, je ur\u010den Semin\u00e1\u0159 k teoretick\u00fdm z\u00e1klad\u016fm didaktiky ciz\u00edch jazyk\u016f, kter\u00fd je po\u0159\u00e1d\u00e1n jednou ro\u010dn\u011b.&nbsp;<\/p>\n<h3><strong>V\u011bdeckov\u00fdzkumn\u00e1 \u010dinnost katedry<\/strong><\/h3>\n<p>Specifick\u00e9 lingvodidaktick\u00e9 zam\u011b\u0159en\u00ed katedry se odr\u00e1\u017e\u00ed v jej\u00ed v\u011bdeckov\u00fdzkumn\u00e9 pr\u00e1ci. Pracovn\u00edky katedry byla pod veden\u00edm prof. PhDr. S. Jel\u00ednka, CSc., rozpracov\u00e1na Koncepce po\u010d\u00e1te\u010dn\u00edho vyu\u010dov\u00e1n\u00ed ru\u0161tin\u011b na st\u0159edn\u00edch \u0161kol\u00e1ch se z\u0159etelem k profesion\u00e1ln\u00ed p\u0159\u00edprav\u011b u\u010ditel\u016f, n\u00e1sledn\u011b pak pod veden\u00edm PhDr. H. \u017dofkov\u00e9, CSc., Koncepce pokro\u010dil\u00e9 v\u00fduky ru\u0161tiny jako druh\u00e9ho ciz\u00edho jazyka na st\u0159edn\u00edch \u0161kol\u00e1ch ve vztahu k p\u0159\u00edprav\u011b u\u010ditel\u016f. D\u00e1le byly katedrou \u0159e\u0161eny grantov\u00e9 \u00fakoly Vyu\u010dov\u00e1n\u00ed ru\u0161tin\u011b jako ciz\u00edmu jazyku v \u010desk\u00fdch \u0161kol\u00e1ch v r\u00e1mci multikulturn\u00ed Evropy a Multidisciplin\u00e1rn\u00ed aspekty utv\u00e1\u0159en\u00ed komunikativn\u00ed kompetence p\u0159i v\u00fduce ciz\u00edho jazyka. Sou\u010dasn\u00e1 v\u00fdzkumn\u00e1 \u010dinnost katedry navazuje na tyto projekty v r\u00e1mci Program\u016f rozvoje v\u011bdn\u00edch obor\u016f na UK v Praze. V&nbsp;letech 2016\u20132018 je \u0159e\u0161en projekt Inovace v\u00fduky didaktiky rusk\u00e9ho jazyka na kated\u0159e rusistiky a lingvodidaktiky, jeho\u017e c\u00edlem je modernizovat v\u00fduku oborov\u00e9 didaktiky tak, aby odpov\u00eddala sou\u010dasn\u00fdm podm\u00ednk\u00e1m a pot\u0159eb\u00e1m student\u016f s&nbsp;ohledem na jejich budouc\u00ed pracovn\u00ed uplatn\u011bn\u00ed. D\u016fraz je kladen zejm\u00e9na na vyu\u017e\u00edv\u00e1n\u00ed ICT ve v\u00fduce.<\/p>\n<p>\u010clenov\u00e9 katedry se v&nbsp;r\u00e1mci sv\u00e9ho v\u011bdeck\u00e9ho b\u00e1d\u00e1n\u00ed intenzivn\u011b zab\u00fdvaj\u00ed problematikou u\u010debnic jako n\u00e1stroje rozvoje komunika\u010dn\u00ed kompetence na teoretick\u00e9 i praktick\u00e9 \u00farovni. Jednotliv\u00fdmi \u010dleny katedry byly vytvo\u0159eny mnoh\u00e9 u\u010debn\u00ed soubory pro v\u00fduku rusk\u00e9ho jazyka na z\u00e1kladn\u00edch, st\u0159edn\u00edch i jazykov\u00fdch \u0161kol\u00e1ch, nap\u0159. Raduga, Raduga po-novomu, Raduga Plus, Pojechali! a mnoho dal\u0161\u00edch. Dal\u0161\u00ed odborn\u00e9 v\u00fdzkumn\u00e9 z\u00e1jmy \u010dlen\u016f katedry odpov\u00eddaj\u00ed jejich specializaci na p\u0159\u00edslu\u0161nou oblast rusk\u00e9 filologie \u010di lingvodidaktiky.<\/p>\n","protected":false},"excerpt":{"rendered":"<p>Profil katedry a jej\u00ed pedagogick\u00e1 \u010dinnost Katedra rusistiky a lingvodidaktiky p\u0159ipravuje v t\u0159\u00edlet\u00e9m bakal\u00e1\u0159sk\u00e9m a v dvoulet\u00e9m navazuj\u00edc\u00edm magistersk\u00e9m studijn\u00edm programu u\u010ditele rusk\u00e9ho jazyka pro v\u00fdkon praxe na 2. stupni Z\u0160 a S\u0160. V bakal\u00e1\u0159sk\u00e9m studiu je kladen d\u016fraz p\u0159edev\u0161\u00edm na praktick\u00e9 ovl\u00e1d\u00e1n\u00ed jazyka v mluven\u00e9 i psan\u00e9 podob\u011b, podlo\u017een\u00e9 znalostmi jazykov\u00e9 teorie, a d\u00e1le [&hellip;]<\/p>\n","protected":false},"author":1,"featured_media":0,"parent":0,"menu_order":1,"comment_status":"closed","ping_status":"closed","template":"","meta":{"ngg_post_thumbnail":0,"footnotes":""},"class_list":["post-310","page","type-page","status-publish","hentry"],"_links":{"self":[{"href":"https:\/\/krl.pedf.cuni.cz\/index.php\/wp-json\/wp\/v2\/pages\/310"}],"collection":[{"href":"https:\/\/krl.pedf.cuni.cz\/index.php\/wp-json\/wp\/v2\/pages"}],"about":[{"href":"https:\/\/krl.pedf.cuni.cz\/index.php\/wp-json\/wp\/v2\/types\/page"}],"author":[{"embeddable":true,"href":"https:\/\/krl.pedf.cuni.cz\/index.php\/wp-json\/wp\/v2\/users\/1"}],"replies":[{"embeddable":true,"href":"https:\/\/krl.pedf.cuni.cz\/index.php\/wp-json\/wp\/v2\/comments?post=310"}],"version-history":[{"count":2,"href":"https:\/\/krl.pedf.cuni.cz\/index.php\/wp-json\/wp\/v2\/pages\/310\/revisions"}],"predecessor-version":[{"id":4320,"href":"https:\/\/krl.pedf.cuni.cz\/index.php\/wp-json\/wp\/v2\/pages\/310\/revisions\/4320"}],"wp:attachment":[{"href":"https:\/\/krl.pedf.cuni.cz\/index.php\/wp-json\/wp\/v2\/media?parent=310"}],"curies":[{"name":"wp","href":"https:\/\/api.w.org\/{rel}","templated":true}]}}